- 15*g + 20*g, y = 3*v + 5*g - 6716. Is v a prime number?
True
Let r be 1*(4/1 - 5). Let t = 5 + r. Suppose -t*n - l + 4*l + 29 = 0, 0 = -4*n + l + 39. Is n composite?
False
Is 1544152/6 + 184/(-276) - 7 a prime number?
True
Let n = 101001 - 62972. Is n a prime number?
False
Suppose 6*l = 16*l + 6*l. Suppose l = -5*h, -5*h = 22*c - 17*c - 8825. Is c a prime number?
False
Let r be -1 - (-2 - (1 - 2)) - -196. Let m(u) = -26 - 3 + 4 + 4 + r*u. Is m(4) a prime number?
False
Let t = 57971 + 56. Is t a prime number?
True
Let j = 450 - 504. Is (6/2)/((j/(-898))/9) composite?
False
Let k = -27652 - 68006. Is (-2 + 3)/(k/(-15942) - 6) composite?
False
Suppose -6*o + 9*o = 12, 0 = -5*s + 2*o - 298. Is 29/s*(-2 - 3308) a prime number?
False
Let f be (-2)/(-2) - (-7)/(35/81915). Let o = f - 5715. Is o a prime number?
False
Let x(y) = -11*y**2 + 51*y - 46. Let h(o) = -7*o**2 + 34*o - 31. Let p(n) = 8*h(n) - 5*x(n). Let c be p(15). Suppose 15*a - c*a = 5205. Is a a prime number?
False
Suppose 13*d + 6 = 15*d. Suppose 1111 = d*t + 106. Is t a prime number?
False
Is (-5)/(-120)*30*13096/2 composite?
True
Let w(m) = m**3 - 2*m**2 - 2*m + 89. Let j be w(0). Let i = j + -88. Is (4 + 2836/(-8))/(i/(-2)) composite?
False
Let v = 191 - 191. Let o(u) = -u**2 + 4*u + 239. Is o(v) a composite number?
False
Suppose -41*t - 21881 = -44*t + 5*d, 2*d = -t + 7279. Let o = -128 + t. Is o a prime number?
True
Suppose -20*i + 29*i = -13185. Is 7 + -7 - 6 - i prime?
True
Is (1 + 474736)*33/((-132)/(-4)) a composite number?
False
Let u = -394 + 398. Suppose 2*d + 6 = 0, -3*d = -u*b - 1271 + 17292. Is b prime?
True
Suppose -2*k = -8*z + 3*z + 11, -5*z + 19 = 2*k. Suppose k*y = 4*l - 0*y - 756, -4*y + 378 = 2*l. Suppose -f = -2*i - 0*f + 399, i = 4*f + l. Is i composite?
True
Let t be ((-28)/(-20) + -2)*-5. Let m(n) = 7*n + 3*n**2 + 5*n**t - 5*n**2 - 13 + 9*n**2. Is m(6) a composite number?
False
Let l(z) = 53 - 13*z - 14*z - 36*z**2 + 23*z**2 + 24*z**2. Is l(2) composite?
False
Let z = -7156 - -15038. Let w = z + 1395. Is w composite?
False
Let z(i) = 45864*i**2 + 48*i + 161. Is z(-4) prime?
True
Suppose 139*u - 3296055 = 124*u. Is u a prime number?
False
Let i be 265404/18 + -4*(-5)/15. Suppose -118920 = -14*r - i. Is r a composite number?
True
Suppose -2*s + 3 + 4 = 3*f, 3*f + 3*s = 6. Is (5813 - -17) + f + 1 a prime number?
False
Let l be 3/(2 - (0 + 1)). Suppose 0 = 4*r - 3*b - 14, 70*b - 65*b = -5*r. Suppose 4*u - 4 = 0, r*s - 2*u + 1969 = l*s. Is s composite?
True
Suppose 17*l + 19*l = 186*l - 1228650. Is l a prime number?
True
Is 41/((72/(-52284))/(-6)) prime?
False
Suppose -4*h + 23 + 1 = 0. Let f(y) = 3 + 11*y**2 + 20 - 11 + 5 + 8*y**2 - 2*y. Is f(h) a composite number?
True
Suppose 29*p - 20 = 25*p, -5*p + 37 = 4*h. Suppose 0 = d + h, 41 = -z + 4*d + 1830. Is z a composite number?
False
Let y(j) = -84*j + 11. Let d be y(-5). Let a = -49 + d. Suppose -s + a = -573. Is s a prime number?
False
Suppose -y - 40 = -9*y. Suppose -437 - 3148 = -y*m. Suppose 4*b = 3*i - m - 150, -2*i + 4*b + 574 = 0. Is i composite?
False
Suppose 4*w = j - 28979, j + 5*w - 20929 = 8077. Is j a prime number?
False
Is 170000/14 + (-108)/28 + 4 prime?
True
Is (-4)/((-76)/1810681) - (3 - 1) a composite number?
True
Suppose n - 431*z - 298150 = -432*z, -3*n - 2*z = -894453. Is n a prime number?
True
Suppose -8*q + 8 = -6*q. Let h be 6/4*q/3. Is 550/h + 72/(-18) a composite number?
False
Let a(u) = u**3 + 4*u**2 + u - 4. Let z be a(-3). Let m be z*-19*36/(-8). Let n = m - 52. Is n prime?
False
Let d = -87 - -83. Is (d + 2)*17149/(-22) a prime number?
True
Let q(c) = 4*c**2 - 51*c + 13. Let w be q(15). Suppose 2*o = 378 + w. Is o prime?
True
Suppose 24*i = 2478 - 10878. Suppose 0 = 5*p - f - 4240 + 268, -5*f = p - 810. Let j = p + i. Is j a prime number?
False
Let o(w) = 62*w**2 - 19*w - 113. Is o(-28) composite?
True
Let p = -12113 - -16682. Is p a composite number?
True
Let z(j) = 644*j + 21. Is z(22) prime?
False
Suppose -5*r + 0*r = -15. Suppose -5*p - 3 + 40 = r*q, 8 = -3*q + 4*p. Suppose q*k + 15 + 5 = 2*g, -5*k - 18 = g. Is g a prime number?
True
Let i(n) = n**3 - 6*n**2 - 2*n + 5. Let g be i(6). Let p(v) = -v**2 - 11*v - 6. Let k be p(g). Suppose -k*j + 25*j = 2463. Is j composite?
False
Let r be (-288)/132 + 2/11. Is r/(-5 + 3)*251 composite?
False
Suppose 135*f = -2549196 + 9261475 + 11580626. Is f prime?
False
Suppose 17 = 2*j + 5*m, -9 = -4*m + m. Let q(w) = 109*w - 39 + j - 3 + 21. Is q(6) a prime number?
False
Let u(a) = -a**2 + 51*a + 50. Let d be u(-1). Let q = -4392 + 2920. Is d - -4 - (q + -4) prime?
False
Let a(y) = -48*y**3 + 12*y**2 + 23*y - 1. Suppose 5*k - 20 = -50. Is a(k) composite?
True
Let r be (-2)/(-6) - (-51)/9. Suppose -r*d + 5*d + 0*d = 0. Suppose d*m - 489 = -m - 4*p, p + 2340 = 5*m. Is m a prime number?
False
Is (-36 - 1 - -6842)*(2 + 91/5) a prime number?
False
Suppose 0 = 13*p - 15*p + 222. Let n = p - 77. Suppose n*l = 41*l - 8519. Is l a composite number?
False
Let z = 9973 + -5346. Is z a prime number?
False
Suppose 0 = -3*c + 3, 2*g + 0*c = -c + 11. Let h(w) = 463*w - 44. Is h(g) composite?
True
Suppose 2*n - h = 150915, 10*n = 11*n + 4*h - 75471. Is n composite?
True
Suppose 2*y = 7*y - 15. Suppose -y*c = 5*s - 3593, -2*c + 2 + 0 = 0. Suppose -2*b + 116 = -s. Is b composite?
True
Suppose 11*p - 38365 = 270021 + 286967. Is p a prime number?
False
Suppose -c - 750544 = -3*z + 23598, -z + 258045 = 2*c. Is z prime?
False
Let f(c) = 1118*c + 415. Let v(m) = 556*m + 207. Let h(s) = 2*f(s) - 5*v(s). Is h(-11) a prime number?
True
Let a be (4*1)/(7 + (-4 - 1)). Suppose a*x - 3 = 4*p + 11, x - 5 = p. Suppose -411 - 4542 = -x*b. Is b prime?
False
Let i = -4866014 - -7012153. Is i prime?
True
Let t(u) = 7740*u**3 + 13*u**2 + 6*u - 11. Is t(2) a composite number?
True
Let w = 93 + -90. Suppose -4*k + 2 = -0*k - 2*c, -5*k + 3*c + w = 0. Suppose -7*s - s + 7640 = k. Is s composite?
True
Let x(l) = 5*l**2 - 14*l - 2. Let h(r) = r**2 + r. Let i(s) = 2*s**2 - 19*s - 1. Let v(q) = 4*h(q) + i(q). Let w(u) = -4*v(u) + 5*x(u). Is w(-13) prime?
True
Let x be (5/(-10))/(-1)*6. Suppose 5*t - 6*t - x = 0. Let w(p) = -12*p**3 + 3*p**2 - 5*p - 7. Is w(t) a composite number?
False
Suppose 22*y = 38*y - 3*y - 6406413. Is y a composite number?
True
Is -2 + (-522399)/(-9) + 12/18 a composite number?
False
Let f(x) = -6402*x**3 + 6*x**2 + 45*x + 74. Is f(-3) prime?
False
Let s(u) = 6*u - 16. Let j be s(4). Suppose -10*r + 3661 = 3*v - j*r, 5*v = 3*r + 6089. Is v a prime number?
False
Suppose -2*z = -14, -3*p - 129685 = -4*p - 2*z. Is p prime?
True
Suppose 0 = 345*m - 2968595 - 1772976 - 4697974. Is m a prime number?
True
Let m(k) be the first derivative of k**4/4 + 8*k**3/3 - k**2 - 14*k - 15. Let r be m(-8). Suppose -j - 4*j = -3*a + 3554, 10 = r*j. Is a composite?
False
Suppose -6317 = -3*t + 4*t. Let z = -3318 - t. Is z composite?
False
Suppose 2*t + 28 = 9*t. Suppose -3*u + 3*r + 2*r + 6076 = 0, -t*r = u - 1997. Is u prime?
True
Suppose 32*q - 27*q - 30505 = 0. Let z = q - 4262. Is z prime?
False
Let r(i) = -i**3 + 4*i**2 - 3*i. Let s be r(2). Let o be -4*(-3 - (-9)/4). Suppose 291 = -3*h - 5*t + 965, -o*h = -s*t - 667. Is h a prime number?
True
Suppose -5*h - 152 = 2*u, 0*u + 144 = -5*h - 4*u. Let t = h + 36. Suppose 2*j - f = 2347, -t*f = 4*j - 5*j + 1191. Is j a prime number?
True
Suppose 13 = -2*v + 27. Let c be 1/((((-21)/(-6))/v)/(-2)). Let p(b) = -87*b - 1. Is p(c) a prime number?
True
Suppose 0 = -5*k + 15 - 15. Suppose k*u + 7 = u. Suppose 549 = -u*m + 2012. Is m a prime number?
False
Let l = -19 + 21. Let u be 4 + ((-7)/7)/(0 - -1). Suppose -4*j = u*v - 481, -l*v + 4*v = j - 112. Is j a composite number?
True
Let p = 3135 + -327. Let l = -1991 + p. Is l a prime number?
False
Is ((-35)/(-14) + 0)*10290014/35 a prime number?
True
Suppose -15 = 11*k - 8*k, 0 = 4*d + 5*k - 49363. Suppose -d + 37063 = 4*h. Is h composite?
True
Suppose -2 = p, 3*p = -11*u + 15*u - 245242. Is u a composite number?
True
Let f(k) be the third derivative of k**6/30 - k**4/24 + 20*k**2. Let x be f(-1). Is 7*11 - (x - -3) composite?
True
Is (-1*(-234177)/5)/((-4698)/(-7830)) a prime number?
True
Let r(v) = 4*v**2 - 18*v + 6. Let f be r(-4). Is f + 5 - (2 + -1) prime?
False
Let a(y) = 8*y**3 + 22*y**2 +